60 (base 9) to base 6.
343
What is 100111 (base 3) in base 15?
121
-810 (base 9) to base 16
-291
What is 1b0 (base 12) in base 15?
136
Convert 200101 (base 4) to base 5.
31230
Convert -52150 (base 7) to base 3.
-122112011
-15c9 (base 16) to base 4
-1113021
What is 2432433 (base 5) in base 14?
12a93
-147 (base 15) to base 9
-354
What is -12214 (base 7) in base 15?
-e31
171 (base 9) to base 4
2101
-243355 (base 7) to base 14
-1229c
What is 1052540 (base 6) in base 10?
53772
2334 (base 12) to base 14
1608
What is 232 (base 12) in base 2?
101000110
What is -2422 (base 5) in base 13?
-21b
Convert 673 (base 8) to base 13.
281
Convert -118a (base 11) to base 4.
-120032
-4770 (base 11) to base 8
-14150
Convert -148 (base 15) to base 16.
-125
What is -21011020 (base 3) in base 13?
-24b4
-1010101001110000 (base 2) to base 8
-125160
Convert -d15 (base 15) to base 11.
-2238
What is 10158 (base 13) in base 14?
a6d5
41354 (base 6) to base 3
21121021
2378 (base 9) to base 7
5111
Convert -164 (base 7) to base 14.
-6b
Convert -208 (base 14) to base 2.
-110010000
What is -9b1 (base 14) in base 16?
-77f
Convert 12423 (base 7) to base 14.
12ba
Convert -4012 (base 5) to base 2.
-111111011
What is -12110 (base 6) in base 11?
-136a
7363 (base 8) to base 4
323303
-44466 (base 7) to base 2
-10101111010100
Convert 43254 (base 6) to base 15.
1b5d
-dd (base 16) to base 9
-265
Convert 130444 (base 7) to base 10.
24238
-2377 (base 10) to base 12
-1461
112233 (base 4) to base 7
4146
Convert 2233222 (base 5) to base 2.
1001101110000100
What is 15b4 (base 12) in base 5?
40314
Convert -26 (base 13) to base 12.
-28
-11400 (base 5) to base 13
-505
Convert -65174 (base 9) to base 2.
-1010100010010111
What is -1548 (base 10) in base 4?
-120030
What is -111010010111001 (base 2) in base 14?
-ac65
Convert 10202011 (base 3) to base 10.
2731
What is -596b (base 12) in base 14?
-3919
Convert -2a87 (base 14) to base 2.
-1110110001111
2189 (base 16) to base 8
20611
What is 1955 (base 11) in base 15?
b05
-16136 (base 7) to base 14
-191d
Convert 6585 (base 9) to base 6.
34252
28082 (base 9) to base 10
19028
What is -2130211 (base 5) in base 9?
-54720
12100220 (base 3) to base 2
111101001000
Convert 220310 (base 4) to base 14.
d48
What is -35d (base 16) in base 15?
-3c6
Convert -2001000211 (base 3) to base 12.
-1b271
Convert -3313 (base 4) to base 10.
-247
What is -12011 (base 5) in base 8?
-1561
What is 2a9 (base 13) in base 5?
3402
What is 133102 (base 5) in base 12?
3162
What is -f00 (base 16) in base 14?
-1584
195a (base 16) to base 12
390a
11011101011101 (base 2) to base 5
423143
2346 (base 7) to base 15
3cc
Convert -24 (base 13) to base 9.
-33
1c79 (base 13) to base 14
180d
What is 65b (base 12) in base 5?
12220
What is -5103 (base 13) in base 2?
-10101110010101
Convert 21146 (base 8) to base 14.
32d0
What is -5b0 (base 12) in base 6?
-3540
Convert -52 (base 10) to base 15.
-37
Convert 1001100001110 (base 2) to base 7.
20136
1000100100001 (base 2) to base 12
2655
Convert -45971 (base 10) to base 2.
-1011001110010011
What is 4250 (base 7) in base 16?
5e1
-a04 (base 11) to base 13
-725
What is -2104 (base 10) in base 16?
-838
Convert 801 (base 9) to base 2.
1010001001
-20010 (base 4) to base 15
-246
Convert 6044 (base 9) to base 8.
10476
What is -13512 (base 6) in base 5?
-32012
Convert -3c5c (base 16) to base 6.
-155312
What is -233 (base 14) in base 11?
-368
Convert 129c (base 13) to base 2.
101001101000
What is 1310 (base 9) in base 6?
4313
What is 1016 (base 7) in base 16?
164
Convert 11001100000 (base 2) to base 11.
1254
48701 (base 9) to base 11
22587
-ac1 (base 13) to base 15
-832
What is -100123 (base 4) in base 11?
-876
Convert 695 (base 14) to base 12.
90b
1726 (base 12) to base 8
5316
What is 29a (base 11) in base 16?
15f
Convert -7039 (base 13) to base 14.
-589d
What is 1062 (base 8) in base 6?
2334
10ec (base 15) to base 8
7015
Convert -4279 (base 14) to base 5.
-331400
Convert 111000 (base 2) to base 11.
51
What is -131233 (base 5) in base 3?
-21010100
Convert 101044 (base 5) to base 14.
129c
1010001011101 (base 2) to base 7
21125
What is 1535 (base 6) in base 15?
1ce
10002 (base 4) to base 15
123
Convert 1302131 (base 4) to base 11.
555a
What is 100010101111100 (base 2) in base 6?
214204
What is -41011 (base 5) in base 8?
-5107
What is 320232 (base 5) in base 12?
6230
bf9 (base 16) to base 15
d95
Convert b3a6 (base 12) to base 9.
28750
342035 (base 6) to base 16
7127
Convert 2492 (base 15) to base 7.
31463
What is -94a6 (base 15) in base 6?
-401303
What is -1182 (base 10) in base 5?
-14212
What is 19a2 (base 14) in base 5?
122100
Convert -2515 (base 7) to base 11.
-788
What is -200533 (base 6) in base 7?
-63633
What is -1022220 (base 3) in base 11?
-801
Convert 6131 (base 9) to base 6.
32431
Convert a8 (base 14) to base 2.
10010100
Convert -433 (base 10) to base 13.
-274
What is 1134 (base 14) in base 10?
2986
What is 104b (base 16) in base 2?
1000001001011
-33188 (base 9) to base 2
-101011000001111
Convert 4001 (base 15) to base 12.
7991
-86 (base 11) to base 14
-6a
What is -1408 (base 11) in base 5?
-24243
-1516 (base 7) to base 6
-2441
What is 464 (base 9) in base 7?
1054
Convert 52635 (base 8) to base 13.
9c8c
Convert -2b8e (base 16) to base 5.
-324100
Convert -d18 (base 16) to base 12.
-1b34
What is 2022210002 (base 3) in base 7?
250301
Convert -d11 (base 14) to base 6.
-15511
Convert -21330 (base 4) to base 12.
-450
Convert -20a58 (base 12) to base 7.
-236210
Convert -16862 (base 9) to base 13.
-53b4
404 (base 9) to base 13
1c3
Convert 6016 (base 7) to base 11.
1613
What is 4424 (base 6) in base 13?
60a
490 (base 16) to base 13
6bb
What is -22521 (base 6) in base 10?
-3217
Convert 49e7 (base 15) to base 2.
11110101111110
-13235 (base 13) to base 8
-105316
-2173 (base 8) to base 9
-1514
Convert 12419 (base 11) to base 9.
26375
What is 11 (base 12) in base 5?
23
What is 1a85 (base 13) in base 6?
30300
-144 (base 16) to base 2
-101000100
Convert 422131 (base 6) to base 12.
17947
Convert -32366 (base 7) to base 2.
-1111110010100
What is 13003211 (base 4) in base 13?
10202
Convert 145f (base 16) to base 6.
40051
-1206 (base 15) to base 14
-1579
Convert 121201 (base 3) to base 15.
201
-10100112 (base 3) to base 12
-14b8
-2210 (base 5) to base 6
-1225
Convert -b94 (base 16) to base 3.
-11001210
Convert 3181 (base 9) to base 7.
6553
What is 13032300 (base 4) in base 10?
29616
Convert -111000110110 (base 2) to base 8.
-7066
Convert 12302 (base 5) to base 8.
1670
-221130 (base 4) to base 9
-3566
What is -d59 (base 15) in base 12?
-18a9
What is -8016 (base 12) in base 4?
-3120102
-31427 (base 9) to base 5
-1131021
What is -1023 (base 9) in base 3?
-1000210
a (base 16) to base 11
a
What is 1131241 (base 5) in base 8?
50525
Convert -5766 (base 9) to base 16.
-10b0
Convert 4248 (base 10) to base 9.
5740
-63376 (base 10) to base 14
-1914c
Convert 381 (base 13) to base 11.
507
What is 2345 (base 6) in base 3?
210002
Convert 2020 (base 5) to base 4.
10010
What is -110111010001100 (base 2) in base 15?
-85ba
What is 3303313 (base 4) in base 8?
36367
1317 (base 8) to base 11
5a4
-14686 (base 15) to base 13
-23b23
What is 19942 (base 11) in base 13?
c830
What is 1763 (base 12) in base 7?
11124
Convert 2375 (base 12) to base 6.
30225
What is 1242 (base 9) in base 12?
655
What is -3423 (base 6) in base 5?
-11212
30103 (base 5) to base 6
12451
Convert -202111100 (base 3) to base 6.
-153100
Convert 41 (base 13) to base 11.
49
What is 373 (base 11) in base 13?
281
What is -881 (base 9) in base 2?
-1011010001
-53324 (base 6) to base 12
-4244
What is 100202 (base 3) in base 14?
14b
-1258 (base 12) to base 10
-2084
3227 (base 9) to base 4
211012
What is 1584 (base 11) in base 8?
3754
23bb (base 12) to base 4
332333
What is 338 (base 15) in base 6?
3212
-220233 (base 5) to base 9
-11338
What is -1851 (base 11) in base 14?
-c03
What is 791 (base 14) in base 5?
21444
Convert 203 (base 14) to base 5.
3040
Convert -10000100010 (base 2) to base 5.
-13213
-8431 (base 13) to base 15
-5647
What is -41475 (base 8) in base 3?
-212121112
What is 11010010010100 (base 2) in base 4?
3102110
42000 (base 5) to base 13
1337
What is 2554 (base 9) in base 5?
30122
What is -1906 (base 13) in base 12?
-21a4
What